 l = -60. What is the greatest common factor of c and 24?
24
Suppose -2 - 4 = -3*y. Suppose 0 = -2*x + g + g + 8, -4*x = 5*g + 20. Let w be (x + -7)/(1/(-2)). What is the highest common factor of w and y?
2
Let w be (-2)/(-15) + (-252)/(-135). Let z(b) = 12 - 1 + 0 + w - 2*b. Let q be z(5). What is the highest common factor of 9 and q?
3
Let w be (-2)/(-19) - (-435624)/798. Calculate the highest common factor of 8 and w.
2
Let a = -175 - -180. Suppose -2*y = -3*y + a*x + 61, 2*x - 54 = -y. Calculate the greatest common factor of y and 98.
14
Let o be (-557)/(-7) - ((-657)/63 - -10). Suppose -30 = 74*m - o*m. Calculate the highest common divisor of m and 215.
5
Let m be 6*2/4 - -54. Let n = 477 - 468. What is the greatest common factor of m and n?
3
Suppose -23*u + 19*u + 2*r = -60, 1 = u - 4*r. What is the greatest common factor of u and 2?
1
Let b = -239 - -236. Let c(j) = 31*j**2 - 2*j - 6. Let a be c(b). What is the highest common factor of 31 and a?
31
Suppose -o = -87*o + 42128 + 13686. What is the highest common factor of o and 767?
59
Suppose y = o - 130, 638 = 60*o - 55*o + y. What is the highest common divisor of 5888 and o?
128
Let k(q) = -3*q + 59. Let r be k(18). Suppose -6*j = -j + 5*m + r, 3*m - 1 = -5*j. What is the greatest common divisor of 18 and j?
2
Suppose 150 = -3*z + 54. Let o be (-176)/z - (-1)/2. Suppose 8 + 12 = t + 2*q, 5*q = -4*t + 86. What is the greatest common factor of o and t?
6
Let g be ((-4485)/(-13))/(3/2). What is the highest common factor of 135 and g?
5
Let d be ((-378)/15)/((-30)/100). Let u = 396 - d. Let g = 85 + -46. What is the greatest common divisor of g and u?
39
Let f be 86/(-473) - (-378)/22. What is the highest common divisor of f and 697?
17
Let j(t) = t**3 + 17*t**2 + 21*t - 237. Let r be j(-12). Calculate the greatest common divisor of r and 168.
21
Let v(k) = 2*k**3 - 22*k**2 + 3*k - 29. Let d be v(11). Let c be ((-2)/6)/(d/(-192)). What is the highest common divisor of c and 256?
16
Let v(t) = 14*t**2 - 13*t - 52. Let s be v(-4). Suppose 11*p + s = 840. What is the greatest common divisor of p and 14?
14
Let r = -44 - -149. Let o be -2*165/(-44)*(1 - (-64 + -5)). What is the greatest common factor of r and o?
105
Let g(j) be the first derivative of j**4/4 - 6*j**3 + j**2/2 - 9*j - 2. Let c be -54*(33/9 + -4). Let h be g(c). What is the greatest common divisor of 2 and h?
1
Suppose 3*b - 21 = -4*l + 15, -5*l + 59 = 2*b. Calculate the greatest common factor of l and 3395.
5
Let z(m) = m - 15. Let s be z(17). Let k(h) = 124*h**2 + 3*h - 2. Let j be k(s). What is the highest common factor of 20 and j?
20
Suppose 11*j + 0*j = 3498. Let v = 352 - j. What is the highest common divisor of v and 119?
17
Suppose 3*d + 112 = 5*d. Let j(h) = -81*h - 1450. Let u be j(-18). What is the highest common factor of d and u?
8
Suppose 5*p - 3*p + 58 = 0. Suppose 2*l = 39*h - 42*h - 2, -h + 2 = -2*l. Let f be -1 - p - (4/(-2) - h). What is the greatest common divisor of 6 and f?
6
Suppose -8*z - 51*z + 252 + 43 = 0. Calculate the highest common factor of z and 255.
5
Suppose -5*z - 222 = -802. Let a be (-232)/14*(-14)/4. What is the greatest common divisor of z and a?
58
Let k be 12*(10/(-15))/(1/(-3)). Suppose 5*b = 7*b - k. Calculate the greatest common divisor of 60 and b.
12
Suppose 8525 = 114*x - 103*x. What is the greatest common divisor of 31 and x?
31
Suppose -6 + 16 = -5*f, -4*z + 4*f + 4516 = 0. Suppose 0 = -5*k - 3*m + 245, 1398 = 3*k + m + 1251. Calculate the greatest common divisor of z and k.
49
Suppose -20 = -6*h + 34. Suppose -r = -h*q + 8*q - 141, r - 121 = -3*q. Calculate the greatest common divisor of r and 8.
8
Suppose -406*j = -429*j - 2584 + 27539. Calculate the greatest common divisor of 105 and j.
35
Suppose 756 = -29*n + 71*n. What is the greatest common factor of 1494 and n?
18
Let u be (-1 + 4 + -3)/2. Suppose 3*m + 5*o - 11 = u, -1 = 4*m - 6*m + 3*o. Calculate the greatest common factor of 11 and m.
1
Suppose 0*j + 10*j = -2070. Let i = j + 303. Calculate the highest common factor of i and 128.
32
Let c = -395 - -412. Suppose -c*d = -4*f - 22*d + 178, f - 4*d - 34 = 0. Calculate the highest common divisor of f and 63.
21
Suppose -3*g + 3*f = -762, 4*g + 5*f = 3*f + 1046. Calculate the highest common divisor of g and 111.
37
Let l be (-11)/(-44) - ((-921)/(-4) - 0). Let j = l + 232. Calculate the greatest common factor of 54 and j.
2
Suppose -15471*u + 15459*u + 35700 = 0. Calculate the greatest common factor of u and 1400.
175
Suppose 0 = -10*q - 2824 + 8464. Calculate the highest common divisor of q and 96.
12
Let l(o) = 15*o**2 - 4*o - 8. Let t be l(-2). Let q be ((1*-162)/3)/(4/(-10)). What is the greatest common divisor of t and q?
15
Let v be (-3)/(-6) + (-7)/(-2). Suppose 521 = 3*t + 5*l, 0*l + 5*l + 481 = 3*t. Let z = 168 - t. What is the greatest common divisor of z and v?
1
Let n be ((-2)/4)/(26/(-156)). Suppose -g + 28*y - 26*y = -14, n*g = 3*y + 54. Calculate the highest common factor of 638 and g.
22
Let y = 36 - 32. Suppose 22 = 4*o + 2*s, -y*o = o + 5*s - 25. Let k be 0 + 1 + (-3)/o*-142. What is the highest common divisor of 8 and k?
8
Let z(l) = -l**2 - 12*l - 17. Let v be z(-8). Let y = v - -62. Calculate the highest common divisor of 11 and y.
11
Let h = -122 + 135. Suppose -2*x + z = -h, 2*x = -5*z + 20 + 11. What is the greatest common factor of 32 and x?
8
Let m(t) = -t + 4. Let g be m(-10). Let s = -9 + g. Let v be s/30*14*3. What is the greatest common divisor of v and 49?
7
Suppose -148*o + 3186 + 2313 = -7*o. Calculate the highest common divisor of 923 and o.
13
Let g(a) = -a - 8. Let v be g(-21). Let p = 659 + -360. Calculate the greatest common factor of v and p.
13
Suppose -3*z + 3*n = -36, 11*z - 35 = 2*n + 52. What is the greatest common factor of 77 and z?
7
Suppose 0*y - 5*y = -20. Let j be y/(-12)*(-1 + -14). Let w = -1 - -6. Calculate the greatest common divisor of w and j.
5
Suppose 2*t - 5*p = 49, -3*p - 9432 = -9429. Suppose 230 = 2*q - 12. Calculate the greatest common divisor of t and q.
11
Let d = 24 + -18. Suppose -4*o + 0*o = -2*a - d, 13 = -3*o + 5*a. Suppose 4*f - 5*j + 18 = 3*f, 2*f = 2*j - o. What is the greatest common divisor of f and 2?
2
Suppose 63900 = 3*m + 14*m - 5*m. What is the highest common factor of m and 50?
25
Let n(c) = 5*c**2 + 16*c + 106. Let o be n(-6). Calculate the highest common divisor of o and 10.
10
Let z be (4 - 17)/(-3 + 4). Let f be 28 - (-2 + (6 - 0)). Let w = z + f. Calculate the greatest common factor of w and 77.
11
Let c(f) = 255*f - 11973. Let b be c(47). Calculate the highest common divisor of 453 and b.
3
Let c = 8885 - 8863. Calculate the highest common factor of c and 22528.
22
Let o(x) = -45*x + 3*x**2 + 261 - 158 - 128. Let z be o(20). Calculate the highest common factor of z and 55.
55
Let f be 1/((-87)/45 + 2). Suppose 0 = c + 4*c + 5, 4*c = -5*a - 94. Let h be 45/((a/6)/(-3)). Calculate the highest common divisor of f and h.
15
Let z = -91 - 342. Let c = z - -453. What is the greatest common factor of 35 and c?
5
Suppose -6 = -14*w + 16*w. Let u(s) = -3*s**3 - 12*s**2 - 15*s + 3. Let d be u(w). Calculate the highest common factor of 259 and d.
7
Let z = -55 + 130. Let i = 65475 + -65445. Calculate the greatest common divisor of i and z.
15
Let t(l) = l - 52. Let q be t(12). Let s be (156/(-15))/((52/q)/13). Calculate the greatest common factor of s and 156.
52
Let y(r) = 3*r**3 + 107*r**2 + 156*r - 72. Let v be y(-33). What is the highest common factor of v and 36?
36
Suppose -6*w = -75 + 57. Suppose -3 = -2*g + 2*f + 7, 21 = g + w*f. Let n = 2 + -1. Calculate the highest common factor of n and g.
1
Let g be 2/((-8)/(-39))*4. Let x = 26724 - 26412. What is the greatest common divisor of g and x?
39
Let x be 54/15*(709 - (-4 + 8)). Calculate the highest common factor of x and 94.
94
Let f(g) = g + 40. Suppose 9*a + 105 = 2*a. Let k be f(a). Let x = 29 - 4. Calculate the greatest common factor of x and k.
25
Let w = -38 - -41. Let b be 19 - (7 - (0 + w)). Suppose -l + 71 - b = 2*c, -5*c - 84 = -l. Calculate the greatest common divisor of 8 and l.
8
Let g = -95 + 89. Let j be (-8)/6 - (224/g - -8). Calculate the highest common divisor of 35 and j.
7
Suppose 3*t - 21593 = -4*a, -7*a - t - 16185 